en 573 is divided by b?
40
Let q = -282 - -190. Let c = q - -102. What is the remainder when 27 is divided by c?
7
Let z(g) = -2*g - 6. Let u = -4 - -19. Let w = u - 11. Calculate the remainder when w is divided by z(-4).
0
Suppose 0 = -f - 3*f + 92. What is the remainder when f is divided by (-81)/(-12) - (-2)/(6 - -2)?
2
Suppose 0 = -7*v - 55 - 22. Let n(r) = -7*r - 33. Suppose d - 11 = 5. Calculate the remainder when n(v) is divided by d.
12
Suppose j - 4 = -8, 2*j - 349 = -3*m. Calculate the remainder when m is divided by 16.
7
Suppose 5*a - 3*h = 79 + 1, -4*a + 4*h = -56. Calculate the remainder when a is divided by 5.
4
Let j be 1488/5 - (3 + (-36)/15). Suppose 3*h + 0*a - 4*a = j, -3*h + 5*a = -294. Calculate the remainder when h is divided by 26.
25
Let w(x) = -35*x - 3. Let h(i) = 2*i**3 - 10*i**2 - i + 2. Let f be h(5). Calculate the remainder when w(f) is divided by 15.
12
Let b(c) = -2*c**2 - 32*c - 48. Let w = -18 - -31. What is the remainder when w is divided by b(-14)?
5
Suppose -3*g = 36 + 231. Let p = -54 - g. Suppose 78 = 4*q + 5*c, 3*q - c = p + 33. What is the remainder when 42 is divided by q?
20
Calculate the remainder when 85 is divided by (-770)/(-242) - 8/44.
1
Calculate the remainder when 18/36 - (-93)/2 is divided by 12.
11
Suppose -9*p = -86 - 364. What is the remainder when p is divided by 36?
14
Suppose 2*s - 4*s = 4*h - 42, -4*h + 27 = s. Suppose -u = -s + 1. Calculate the remainder when (-50)/3*(-60)/25 is divided by u.
12
Suppose -5*b + 185 = -0*b. Let v(p) = -4*p - 6. Let t be v(-10). Suppose 3*r + j = t, -2*r + 0*r = -4*j - 4. What is the remainder when b is divided by r?
7
Suppose -11 = -5*d - 51. Let u(t) = t**3 + 9*t**2 + 8*t - 5. Let j be u(d). Let z = j - -49. What is the remainder when z is divided by 24?
20
Suppose -4*z - 2*z = -18. Suppose -6 = -z*d + d. Suppose -12 = d*q - 141. What is the remainder when q is divided by 15?
13
Suppose 3*k = 2*w - 0*k - 87, 3*w + 3*k - 108 = 0. Calculate the remainder when 777 is divided by w.
36
Suppose -2*z + 3 = a, 22 = 5*a + 3*z + 14. Calculate the remainder when (2/7)/(2/28) is divided by a.
0
What is the remainder when (-3)/3 + 3 - -8 is divided by 12*2/6 + (-2 - -1)?
1
Suppose 14*i - 16 + 2 = 0. Calculate the remainder when 47 is divided by i.
0
Let j(y) = y + 2. Let t be j(6). Suppose -t*p = -12*p + 272. Calculate the remainder when p is divided by 18.
14
Suppose 1027*t = 1019*t + 1056. What is the remainder when t is divided by 3/(-1 - 10/(-9))?
24
Suppose -18 = -92*k + 91*k. What is the remainder when 22 is divided by k?
4
Suppose -2*f - 57 = -5*f. What is the remainder when (-1)/(((-17)/(-36))/(-17)) is divided by f?
17
Calculate the remainder when 108 is divided by (6 + 16/(-6))/(6/99).
53
Let p(m) = 2*m**2 - 8*m + 11. Let j be 3 + (-4 + 8 - 6 - -3). Suppose 0 = 2*v - 6, 3*c - 2*c - 36 = -5*v. Calculate the remainder when c is divided by p(j).
10
Let z(x) = -x**3 - 10*x**2 - 17*x - 33. Calculate the remainder when 311 is divided by z(-9).
38
Suppose -7*d = -6*d - 5. Suppose 5*s - d*j = 85, 0*j + 103 = 5*s + 4*j. What is the remainder when 32 is divided by s?
13
Suppose 367 = 6*h - 1001. What is the remainder when h is divided by 11?
8
Let n(q) = q**3 + 14*q**2 + 44*q + 12. Suppose -5*h + 200 + 425 = 0. Calculate the remainder when h is divided by n(-9).
20
Let x be ((-3)/(-4))/(2/(-24)). Let n = 0 - x. Let i = 92 - 57. Calculate the remainder when i is divided by n.
8
Let r(l) = -l**3 - 8*l**2 + 5*l - 1. Let g(z) = 8*z + 1. What is the remainder when r(-9) is divided by g(1)?
8
Let q be 4/(-6) + (-376)/3. Let p = q + 212. Let f = 18 - -4. Calculate the remainder when p is divided by f.
20
Let m(o) = -2*o + 84. What is the remainder when 209 is divided by m(7)?
69
Suppose h - 2*z = -2*h + 700, z = -3*h + 694. What is the remainder when h is divided by 47?
44
Suppose b - 4*v = v + 10, -23 = 4*b + v. Let z = 7 + b. Suppose 19*l - 21*l + 3*d - 4 = 0, 0 = 2*l + 2*d - 6. Calculate the remainder when z is divided by l.
0
Suppose -4*g + 28 = -3*g. Suppose c - 2*w + 3*w = g, 2*w - 84 = -3*c. Calculate the remainder when 1*-1 + 110/2 is divided by c.
26
Let u(p) = p - 13. Let h be u(9). What is the remainder when 61 is divided by ((-42)/h)/((-9)/(-18))?
19
Suppose -p - 5*h = -110, -29 = 4*h - 9. What is the remainder when 283 is divided by p?
13
Let c = 11 - 3. Let o = -16 + 25. Suppose v = o - 7. What is the remainder when c is divided by v?
0
Suppose -25*m = -400 - 825. Suppose -11 = -v + 2. Calculate the remainder when m is divided by v.
10
Calculate the remainder when 71 is divided by 2/3 - 244/(-12).
8
Let m = -17 + 20. Suppose -j + 4*y = -38, -y - m - 1 = 0. What is the remainder when 87 is divided by j?
21
Let y(r) = -r**3 + 5*r**2 + 2*r + 5. Let x be (6/9)/(1/(-24)). Let v = x + 26. What is the remainder when y(4) is divided by v?
9
Let k(m) = m**3 + 6*m**2 - 11*m - 10. What is the remainder when k(-7) is divided by 5?
3
Let z = -104 + 202. Calculate the remainder when z is divided by 22.
10
Suppose -l + 36 = 4*m, 5 + 3 = -2*l. Suppose 11*i = 9*i + m. Calculate the remainder when 19 is divided by i.
4
Suppose 3*k + 8*p - 171 = 13*p, -5*k + 295 = -5*p. What is the remainder when 100 is divided by k?
38
Suppose -g = 5*j - 2*j - 54, -j = -2*g - 18. What is the remainder when 142 is divided by j?
16
Let x = 34 + -8. Suppose x = 7*a - 170. Calculate the remainder when a is divided by 10.
8
Let r = 522 - 489. Let g be 2/(-3) - (-67)/(-3). Let b = r + g. What is the remainder when 29 is divided by b?
9
Suppose -3*f - 16*y = -15*y - 175, -3*y = -5*f + 287. What is the remainder when f is divided by 40?
18
Let h be ((-33)/(-55))/(2/(-30)). What is the remainder when 12 is divided by 4*(4 + h/6)?
2
Let q(c) = -6*c**2 - 244*c - 2273. Suppose -2*b + 3*b - 5 = 0. Calculate the remainder when q(-15) is divided by b*-2*(1 - 2).
7
Suppose y + 42 = 4*y. Suppose 274 = 47*j - 760. What is the remainder when j is divided by y?
8
Suppose -10*l + 8*l = -104. What is the remainder when l is divided by 2?
0
Let r = 983 - 979. Calculate the remainder when 8 is divided by r.
0
Let k = 1521 + -1482. Calculate the remainder when 44 is divided by k.
5
Let q = 45 + 8. Calculate the remainder when q is divided by 27.
26
Suppose -2*y + 731 = 2261. Let c be (-2)/(16/78) - 1/4. Calculate the remainder when y/c - 1/(-2) is divided by 20.
17
Suppose -6*b + l - 4 = -3*b, b = -4*l + 16. Suppose b = -5*u + 9*u - 20. Calculate the remainder when (7/5 + -1)*45 is divided by u.
3
Suppose q = 2*m - 24, -4*q - 72 = 3*m - 5*m. Calculate the remainder when 75 is divided by (-19)/2*(14 + q).
18
Suppose 449 = 4*x - 5*p, p + 556 = -3*x + 8*x. What is the remainder when x is divided by 20?
11
Let q = 178 + -170. Calculate the remainder when 22 is divided by q.
6
Suppose -3*i = -7*i + 12. Suppose i*n - 95 + 35 = -3*s, -4*s = -5*n - 35. Calculate the remainder when 43 is divided by s.
13
Let s = 338 + 1055. Calculate the remainder when 147 is divided by 1/4 + s/28.
47
Suppose -16*f = 93 - 125. Suppose -m - 1 = -5. What is the remainder when 18 is divided by 14/m*(f + 0)?
4
Suppose 2*b - 36 = 3*m, 3 = 4*m - 5. Suppose -3*x - 3 = -b. Let u(n) = -n**3 + 7*n**2 - 7*n + 9. What is the remainder when 11 is divided by u(x)?
2
Let w be 3/3 + 1 + 0. Suppose -r + w + 0 = 0. Suppose -r*l - 3*g + 23 = 0, l + g = 9 + 4. What is the remainder when 79 is divided by l?
15
Suppose 455 - 140 = 5*i - 5*l, -229 = -3*i - 5*l. Suppose -2 = 2*s + 2, z = -s + 8. What is the remainder when i is divided by z?
8
Let o(n) = -8*n - 3. Let c(m) = -8*m - 3. Let d(j) = -5*c(j) + 6*o(j). Calculate the remainder when 50 + 1/(1/(-1)) is divided by d(-2).
10
Let p(g) = -4*g - 1. Let o(k) = k**3 + 5*k**2 - 5. Suppose 0 = 2*i + 1 + 9. Let l be o(i). Calculate the remainder when p(l) is divided by 10.
9
Suppose 5*p - 62 = c, p - 9 = 5*c + 13. What is the remainder when 84 is divided by (-4)/(-6) + 340/p?
26
Suppose 2*p = 7*p + 3*y - 129, 4*p - 81 = 5*y. Suppose 5*g + 0 = 3*k + p, 4*g = -k + 9. Suppose -g*z + 9 = -0*z. Calculate the remainder when z is divided by 3.
0
Let h = 0 + -12. Let c(y) = 2*y**2 + 16*y - 14. Let n be c(h). What is the remainder when 13 is divided by 1/(-5) + n/10?
5
Suppose -293*t - 5040 = -308*t. What is the remainder 